5*r - 104. Give a(-13).
0
Let n(c) = 2*c**2 - 34*c + 152. Give n(8).
8
Let o(i) = -i**2 + 8*i - 10. Calculate o(6).
2
Let d(y) = -y**3 + 4*y**2 - 1. Give d(3).
8
Let c(v) = -8*v + 5. Determine c(5).
-35
Let o(l) = -l**3 - 8*l**2 - 16*l - 7. Determine o(-5).
-2
Let d(p) = 3*p - 3. Determine d(0).
-3
Let l(j) = j. What is l(8)?
8
Let o(p) = -3*p - 1. Calculate o(-5).
14
Let d(k) = 2*k**2 + k - 4. What is d(2)?
6
Let u(k) = -k**3 + 24*k**2 + 25*k + 21. Determine u(25).
21
Let j(z) = -4*z**2 + 15*z + 24. What is j(-4)?
-100
Let y(i) = -i**3 + 2*i - 2. Give y(2).
-6
Let o(k) = -k**2 + 20*k + 132. Calculate o(26).
-24
Let i(m) = -m**2 - 12*m + 95. What is i(-17)?
10
Let b(p) = -p**3 + 4*p**2 + 4*p - 6. Determine b(5).
-11
Let o(a) = a**3 - 43*a**2 - 78*a - 541. Give o(45).
-1
Let l(d) = d**2 + 16*d + 55. What is l(-6)?
-5
Let h(z) = -22*z - 221. What is h(-10)?
-1
Let g(s) = -17*s - 1. Calculate g(-1).
16
Let z(v) = -v - 12. Give z(-7).
-5
Let a(x) = -x - 16. Determine a(-12).
-4
Let w(s) = s**2 - 12*s + 15. Determine w(7).
-20
Let t(g) = -g**3 + 2*g**2 + 6*g + 3. What is t(-2)?
7
Let n(d) = d**3 - 4*d**2 + d + 3. What is n(3)?
-3
Let z(i) = 3*i**2 - i - 8. Determine z(-2).
6
Let g(h) = -h**2 - 2. Determine g(1).
-3
Let p(a) = -79*a - 706. What is p(-9)?
5
Let m(a) = -a**2 + 6*a + 9. Determine m(5).
14
Let i(r) = r**3 - 8*r**2 + 5*r + 4. Calculate i(6).
-38
Let x(p) = -5*p - 108. What is x(-20)?
-8
Let z(v) = v**3 + 15*v**2 - 19. Determine z(-15).
-19
Let c(v) = -5*v + 18. What is c(3)?
3
Let f(y) = -33*y - 820. Determine f(-25).
5
Let m(h) = -9*h**2 - 13*h - 14. Calculate m(-2).
-24
Let i(f) = 11*f - 25. Determine i(11).
96
Let s(z) = z**3 - 5*z**2 + 2*z + 4. Determine s(3).
-8
Let h(c) = -c**2 - 24*c - 21. Give h(-23).
2
Let c(q) = -70*q - 210. Give c(-3).
0
Let a(p) = -p**2 + 5*p - 3. Calculate a(3).
3
Let b(k) = -k**2 + 64*k - 455. Calculate b(8).
-7
Let f(w) = -w**2 + 4*w + 44. Calculate f(9).
-1
Let h(c) = 4*c**2 + 5*c + 1. What is h(-2)?
7
Let u(d) = 4*d + 44. Determine u(-5).
24
Let t(i) = -2*i**2 + 43*i - 1. What is t(25)?
-176
Let q(b) = -b**2 + 9*b + 15. What is q(0)?
15
Let l(n) = n**2 + 14*n - 4. Calculate l(-17).
47
Let h(j) = j**3 + 5*j**2 - 2*j + 7. What is h(-5)?
17
Let x(v) = v**3 + 9*v**2 + 11*v + 12. Determine x(-7).
33
Let k(i) = -i**2 + 9*i - 18. What is k(6)?
0
Let m(u) = 52*u - 994. Give m(19).
-6
Let o(b) = -2*b**2 + 3*b + 16. Determine o(4).
-4
Let p(m) = 28*m + 191. Calculate p(-7).
-5
Let v(w) = 7*w + 31. Determine v(-4).
3
Let i(o) = 6*o + 1. What is i(-3)?
-17
Let p(k) = -k**3 - 21*k**2 + 19*k - 65. What is p(-22)?
1
Let r(k) = k**2 - 21*k + 20. Calculate r(19).
-18
Let t(n) = 20*n - 50. Determine t(-3).
-110
Let u(p) = 9*p**2 + 178*p - 42. What is u(-20)?
-2
Let g(y) = -y**3 - 7*y**2 + 8*y + 56. Give g(-7).
0
Let x(l) = -l**3 - l**2 + 4*l + 2. Calculate x(-4).
34
Let j(z) = z**3 + z**2 - 2*z. Determine j(2).
8
Let n(i) = i**2 - 11*i - 14. Give n(13).
12
Let h(v) = -3*v - 2. Calculate h(-1).
1
Let k(t) = -3*t**2 + 2*t + 1. What is k(-3)?
-32
Let b(j) = j + 2. What is b(1)?
3
Let p(j) = j. Determine p(-4).
-4
Let g(s) = s**3 + 6*s**2 - 2*s - 1. Give g(-6).
11
Let u(r) = 3*r + 81. Calculate u(-22).
15
Let n(b) = b + 7. Determine n(-7).
0
Let y(l) = l**2 - 15*l + 17. What is y(16)?
33
Let b(j) = 106*j - 528. Determine b(5).
2
Let f(m) = m - 26. What is f(11)?
-15
Let v(d) = -2*d - 20. What is v(-6)?
-8
Let s(x) = -x**2 - 31*x. Calculate s(-31).
0
Let h(f) = -f**2 - 5*f + 4. Determine h(-8).
-20
Let k(x) = 3*x**3 + 2*x**2 + 4*x + 8. Determine k(-2).
-16
Let q(i) = -i**3 - 11*i**2 - 12*i - 17. What is q(-10)?
3
Let p(i) = i**3 + 15*i**2 - 9*i + 22. Give p(-16).
-90
Let j(d) = d - 17. Give j(4).
-13
Let h(o) = -2*o**2 + 28*o - 28. Calculate h(13).
-2
Let i(l) = -2*l + 17. Calculate i(7).
3
Let s(a) = 7*a + 5. What is s(5)?
40
Let d(p) = 3*p**2 + 7*p - 1. Give d(-3).
5
Let t(c) = -25*c - 284. What is t(-11)?
-9
Let a(h) = 8*h**2 - 26*h. Calculate a(4).
24
Let j(d) = -2*d + 1. Calculate j(-6).
13
Let o(p) = -p**2 + 2*p + 1. What is o(3)?
-2
Let l(j) = 5*j. Calculate l(-4).
-20
Let j(h) = -2*h**3 + 20*h**2 + 114*h - 33. Calculate j(14).
-5
Let h(x) = -15*x - 3. Calculate h(-3).
42
Let h(s) = 3*s + 22. Determine h(-6).
4
Let p(h) = 19*h + 18. What is p(3)?
75
Let q(x) = -4*x - 2. What is q(6)?
-26
Let l(y) = -4*y + 18. Give l(10).
-22
Let s(l) = -l**3 - 10*l**2 + 11*l + 36. What is s(-11)?
36
Let w(k) = 31*k**2 - 4*k + 2. Give w(1).
29
Let t(w) = -w**3 + 4*w**2 + 11*w - 4. Determine t(8).
-172
Let u(s) = 14*s - 1. Calculate u(1).
13
Let n(p) = -p**3 - 9*p**2 + 8*p - 8. Calculate n(-10).
12
Let v(j) = j**3 + 8*j**2 + 5*j - 8. What is v(-7)?
6
Let q(j) = -2*j - 5. What is q(-14)?
23
Let l(x) = x**3 + 12*x**2 + 13*x - 13. Calculate l(-10).
57
Let c(m) = 8*m - 1. What is c(2)?
15
Let q(v) = 3*v - 23. Give q(20).
37
Let p(r) = -5*r + 146. What is p(36)?
-34
Let i(y) = y**2 + 4*y - 90. Give i(-12).
6
Let p(r) = 3*r. What is p(-2)?
-6
Let n(a) = a**2 + 11*a + 45. Calculate n(-6).
15
Let u(j) = -j**2 - 3*j + 8. What is u(-5)?
-2
Let j(m) = m**3 - 22*m**2 + 21*m + 24. Determine j(21).
24
Let l(j) = -5*j**2 + 30*j - 2. Determine l(6).
-2
Let m(z) = -2*z**2 - 21*z + 3. What is m(-10)?
13
Let t(c) = -12*c + 11. What is t(0)?
11
Let m(z) = 2*z**2 - 15*z + 12. Give m(6).
-6
Let f(c) = -2*c - 84. What is f(-45)?
6
Let q(f) = f**2 + 9*f - 12. Give q(-9).
-12
Let r(a) = 2*a - 27. Give r(16).
5
Let a(h) = 40*h. Determine a(-1).
-40
Let q(j) = j**2 + 2*j + 10. What is q(5)?
45
Let p(t) = -6*t - 31. Give p(-4).
-7
Let n(o) = -2*o**2 + 17*o - 65. Determine n(5).
-30
Let c(j) = -j**2 - 7*j + 7. What is c(-6)?
13
Let o(c) = -2*c + 19. Calculate o(7).
5
Let b(x) = -x**3 + 35*x**2 + 115*x - 28. Give b(38).
10
Let d(k) = -8*k - 90. Give d(-10).
-10
Let b(g) = g**3 + 6*g**2 - 3*g - 15. Give b(-6).
3
Let s(d) = -d**2 + d + 3. Determine s(8).
-53
Let i(q) = -2*q + 64. Determine i(0).
64
Let g(y) = 8*y + 9. What is g(-4)?
-23
Let i(k) = -2*k**2 - 12*k - 6. Calculate i(-6).
-6
Let w(k) = 13*k + 17. Calculate w(6).
95
Let y(a) = a**3 - 5*a**2 - 5*a + 6. Give y(5).
-19
Let p(g) = 99*g - 177. Calculate p(2).
21
Let a(j) = -j - 2. Give a(-7).
5
Let w(v) = v**2 + 2*v - 9. Give w(4).
15
Let k(x) = 22*x. Calculate k(6).
132
Let y(i) = -2*i**3 - 23*i**2 + 7*i + 4. Give y(-12).
64
Let q(t) = -t**2 + 9*t + 141. Give q(-10).
-49
Let s(m) = -2*m**2 - 10*m - 9. What is s(-6)?
-21
Let c(d) = 18*d + 105. Give c(-6).
-3
Let s(v) = -13*v + 19. Determine s(0).
19
Let h(m) = -m**3 + 14*m**2 - 21*m - 12. Calculate h(12).
24
Let b(t) = -t**2 - t - 5. Calculate b(-2).
-7
Let x(u) = u**3 - 14*u**2 + 6*u - 26. Calculate x(13).
-117
Let z(g) = -198*g - 2. Determine z(1).
-200
Let m(g) = -17*g + 1247. Determine m(73).
6
Let p(h) = 2*h - 58. Give p(40).
22
Let z(v) = -v**3 - 11*v**2 + 9*v - 33. What is z(-12)?
3
Let j(h) = h**2 + 2*h - 1. What is j(-5)?
14
Let u(w) = -19*w + 115. Calculate u(6).
1
Let l(h) = -8*h - 3. Calculate l(-5).
37
Let f(r) = r**3 + 48*r**2 - 50*r - 48. Give f(-49).
1
Let x(o) = -3*o**2 - 4*o + 10. Give x(6).
-122
Let i(p) = -2*p + 12. Determine i(7).
-2
Let o(k) = k**2 + 8*k + 3. What is o(-5)?
-12
Let l(p) = -3*p**2 - 9*p - 9. Give l(-1).
-3
Let i(r) = -r**2 - r - 19. Give i(-6).
-49
Let z(i) = -3*i + 42. What is z(14)?
0
Let h(a) = -7*a**3 + 3*a**2 - 3*a + 2. Give h(2).
-48
Let a(b) = 4*b + 9. What is a(-2)?
1
Let c(z) = -z**3 - 5*z**2 + 14*z - 5. Calculate c(-7).
-5
Let n(r) = r**2 + 9*r - 2. What is n(-6)?
-20
Let p(o) = -o**3 + 7*o**2 - 6*o + 3. Determine p(4).
27
Let g(j) = -2*j**2 + 10*j + 34. Calculate g(8).
-14
Let u(b) = -13*b**3 - b. Give u(-1).
14
Let w(d) = 10*d - 2. What is w(1)?
8
Let k(i) = -i**3 + 12*i**2 + 14*i - 3. Determine k(13).
10
Let u(r) = r**3 - 2*r**2 - r - 1. What is u(3)?
5
Let n(c) = 19*c + 171. Calculate n(-9).
0
Let h(y) = -y + 8. What is h(14)?
-6
Let g(w) = w**3 - 23*w**2 - 5*w + 35. Determine g(23).
-80
Let m(z) = z**2 + 10*z + 9. Determine m(-2).
-7
Let p(r) = 6*r - 7. What is p(-9)?
-61
Let u(b) = 6*b - 15. Give u(-3).
-33
Let o(c) = c**2 - 22*c + 116. Calculate o(11).
-5
Let p(g) = g**3 + 5*g**2 - g - 1. Determine p(-4).
19
Let u(m) = -7*m - 149. What is u(-19)?
-16
Let n(b) = b**2 + 6*b - 9. Give n(-9).
18
Let v(a) = 15